{"id":7257,"date":"2025-07-09T12:41:35","date_gmt":"2025-07-09T09:41:35","guid":{"rendered":"https:\/\/trailsilvania.com\/?page_id=7257"},"modified":"2025-08-12T12:07:12","modified_gmt":"2025-08-12T09:07:12","slug":"donate","status":"publish","type":"page","link":"https:\/\/trailsilvania.com\/index.php\/donate\/","title":{"rendered":"Sus\u021bine"},"content":{"rendered":"\n<h2 class=\"wp-block-heading\"><strong>\u00cempreun\u0103 construim traseele de care comunitatea are nevoie<\/strong><\/h2>\n\n\n\n<p>Trailsilvania exist\u0103 datorit\u0103 pasiunii unor oameni care cred c\u0103 traseele \u0219i bicicleta pot aduce oamenii \u00eempreun\u0103 \u0219i pot transforma o comunitate. Suntem o organiza\u021bie independent\u0103, non-profit, care se bazeaz\u0103 pe implicarea voluntarilor \u0219i pe sprijinul celor care iubesc natura \u0219i mountain biking-ul.<\/p>\n\n\n\n<p>Dac\u0103 rezonezi cu misiunea noastr\u0103 \u0219i vrei s\u0103 vezi mai multe trasee construite responsabil, \u00eentre\u021binute cu pasiune, ne po\u021bi sus\u021bine printr-o dona\u021bie. Fiecare contribu\u021bie conteaz\u0103 \u0219i ne ajut\u0103 s\u0103 ducem mai departe acest proiect pentru to\u021bi cei care vor s\u0103 se bucure de poteci bine g\u00e2ndite \u0219i de o comunitate activ\u0103.<\/p>\n\n\n\n<p><strong>Prin formularul 230:<\/strong> <a href=\"https:\/\/redirectioneaza.ro\/trailsilvania\/\" target=\"_blank\" rel=\"noopener\" title=\"https:\/\/redirectioneaza.ro\/trailsilvania\/\">https:\/\/redirectioneaza.ro\/trailsilvania\/<\/a><\/p>\n\n\n\n<p><strong>Prin cont bancar:<\/strong><br>Asocia\u021bia Club Sportiv Trailsilvania<br>RO63BTRLRONCRT0CX8475101<br>Banca Transilvania<br><br><strong>Prin donorbox:<\/strong><\/p>\n\n\n<p><script src=\"https:\/\/donorbox.org\/widget.js\" paypalExpress=\"false\"><\/script> <iframe loading=\"lazy\" src=\"https:\/\/donorbox.org\/embed\/trailsilvania?\" name=\"donorbox\" allowpaymentrequest=\"allowpaymentrequest\" seamless=\"seamless\" frameborder=\"0\" scrolling=\"no\" height=\"300px\" width=\"100%\" style=\"max-width: 250px; min-width: 230px; max-height:none!important\" allow=\"payment\"><\/iframe><\/p>\n\n\n\n<p><strong>Pentru firme:<\/strong><\/p>\n\n\n\n<p>Ne pute\u021bi sus\u021bine activitatea sponsoriz\u00e2ndu-ne \u00een condi\u021biile prev\u0103zute de lege, suntem \u00eenregistra\u021bi \u00een registrul entit\u0103\u021bilor\/unit\u0103\u021bilor de cult. G\u0103si\u021bi un model precompletat de contract de sponsorizare. <a href=\"https:\/\/trailsilvania.com\/wp-content\/uploads\/Model-contract-sponsorizare Trailsilvania.docx\" target=\"_blank\" rel=\"noopener\" title=\"\">aici<\/a>.<\/p>\n\n\n\n<p><\/p>\n","protected":false},"excerpt":{"rendered":"<p>\u00cempreun\u0103 construim traseele de care comunitatea are nevoie Trailsilvania exist\u0103 datorit\u0103 pasiunii unor oameni care cred c\u0103 traseele \u0219i bicicleta pot aduce oamenii \u00eempreun\u0103 \u0219i pot transforma o comunitate. Suntem o organiza\u021bie independent\u0103, non-profit, care se bazeaz\u0103 pe implicarea voluntarilor \u0219i pe sprijinul celor care iubesc natura \u0219i mountain biking-ul. Dac\u0103 rezonezi cu misiunea noastr\u0103 &hellip; <\/p>\n<p class=\"link-more\"><a href=\"https:\/\/trailsilvania.com\/index.php\/donate\/\" class=\"more-link\">Read more<span class=\"screen-reader-text\"> &#8220;Sus\u021bine&#8221;<\/span><\/a><\/p>\n","protected":false},"author":1,"featured_media":0,"parent":0,"menu_order":0,"comment_status":"closed","ping_status":"closed","template":"","meta":{"give_campaign_id":0,"om_disable_all_campaigns":false,"_monsterinsights_skip_tracking":false,"_monsterinsights_sitenote_active":false,"_monsterinsights_sitenote_note":"","_monsterinsights_sitenote_category":0,"footnotes":""},"class_list":["post-7257","page","type-page","status-publish","hentry"],"aioseo_notices":[],"campaignId":"","featured_media_urls":[],"_links":{"self":[{"href":"https:\/\/trailsilvania.com\/index.php\/wp-json\/wp\/v2\/pages\/7257","targetHints":{"allow":["GET"]}}],"collection":[{"href":"https:\/\/trailsilvania.com\/index.php\/wp-json\/wp\/v2\/pages"}],"about":[{"href":"https:\/\/trailsilvania.com\/index.php\/wp-json\/wp\/v2\/types\/page"}],"author":[{"embeddable":true,"href":"https:\/\/trailsilvania.com\/index.php\/wp-json\/wp\/v2\/users\/1"}],"replies":[{"embeddable":true,"href":"https:\/\/trailsilvania.com\/index.php\/wp-json\/wp\/v2\/comments?post=7257"}],"version-history":[{"count":26,"href":"https:\/\/trailsilvania.com\/index.php\/wp-json\/wp\/v2\/pages\/7257\/revisions"}],"predecessor-version":[{"id":7426,"href":"https:\/\/trailsilvania.com\/index.php\/wp-json\/wp\/v2\/pages\/7257\/revisions\/7426"}],"wp:attachment":[{"href":"https:\/\/trailsilvania.com\/index.php\/wp-json\/wp\/v2\/media?parent=7257"}],"curies":[{"name":"wp","href":"https:\/\/api.w.org\/{rel}","templated":true}]}}